{"id":3775,"date":"2025-05-02T10:57:37","date_gmt":"2025-05-02T08:57:37","guid":{"rendered":"https:\/\/www.schachclubbaar.ch\/?page_id=3775"},"modified":"2025-05-02T11:04:41","modified_gmt":"2025-05-02T09:04:41","slug":"kontakt-2","status":"publish","type":"page","link":"https:\/\/www.schachclubbaar.ch\/?page_id=3775","title":{"rendered":"Jugendgruppe"},"content":{"rendered":"<p style=\"text-align: center;\">Seit 2016 engagiert sich der Schachclub f\u00fcr den Schulsport an den Baarer Schulen.<br \/>\nZwischenzeitlich konnte im Club die Jugendgruppe aufgebaut werden.<br \/>\nJunge Schachbegeisterte bis und mit 15 Jahren sind herzlich Willkommen.<br \/>\nWir freuen uns, dass wir immer wieder Zuz\u00fcge verzeichnen d\u00fcrfen.<\/p>\n<p style=\"text-align: center;\">Das Training findet jeweils vor den Spielabenden (<a href=\"https:\/\/www.schachclubbaar.ch\/?cat=40\" target=\"_blank\" rel=\"noopener\">s. Agenda<\/a>) um 18.00 &#8211; 19.00\u00a0 Uhr statt.<\/p>\n<p style=\"text-align: center;\"><strong>Schachlehrer\/Betreuer Jugendgruppe:<\/strong><\/p>\n<p style=\"text-align: center;\">Frieda Gretener, Rainweidstrasse 2, 6333 H\u00fcnenberg See<br \/>\nMail: frieda.gretener(at)bluewin.ch<\/p>\n<p style=\"text-align: center;\">Kurt Gretener, Rainweidstrasse 2, 6333 H\u00fcnenberg See<br \/>\nMail: kurt.gretener(at)bluewin.ch<\/p>\n<p style=\"text-align: center;\">Anmeldungen, Anfragen oder Mitteilungen an die Jugendgruppe des Schachclub Baar bitte \u00fcber eine der oben aufgef\u00fchrten Adressen.<\/p>\n","protected":false},"excerpt":{"rendered":"<p>Seit 2016 engagiert sich der Schachclub f\u00fcr den Schulsport an den Baarer Schulen. Zwischenzeitlich konnte im Club die Jugendgruppe aufgebaut werden. Junge Schachbegeisterte bis und mit 15 Jahren sind herzlich Willkommen. Wir freuen uns, dass wir immer wieder Zuz\u00fcge verzeichnen d\u00fcrfen. Das Training findet jeweils vor den Spielabenden (s. Agenda) um 18.00 &#8211; 19.00\u00a0 Uhr [&hellip;]<\/p>\n","protected":false},"author":1,"featured_media":0,"parent":0,"menu_order":0,"comment_status":"closed","ping_status":"closed","template":"","meta":{"footnotes":""},"class_list":["post-3775","page","type-page","status-publish","hentry"],"yoast_head":"<!-- This site is optimized with the Yoast SEO plugin v26.9 - https:\/\/yoast.com\/product\/yoast-seo-wordpress\/ -->\r\n<title>Jugendgruppe - Schachclub Baar<\/title>\r\n<meta name=\"description\" content=\"Wir spielen das k\u00f6nigliche Spiel im Kanton Zug. Jung und Alt, jedermann ist bei und herzlich willkommen. Neu f\u00fchren wir eine Jugendgruppe mit Jugendlichen bis 16 Jahren. In Zukunft m\u00f6chten wir auch eine Juniorenabteilung einf\u00fchren.\" \/>\r\n<meta name=\"robots\" content=\"index, follow, max-snippet:-1, max-image-preview:large, max-video-preview:-1\" \/>\r\n<link rel=\"canonical\" href=\"https:\/\/www.schachclubbaar.ch\/?page_id=3775\" \/>\r\n<meta property=\"og:locale\" content=\"de_DE\" \/>\r\n<meta property=\"og:type\" content=\"article\" \/>\r\n<meta property=\"og:title\" content=\"Jugendgruppe - Schachclub Baar\" \/>\r\n<meta property=\"og:description\" content=\"Wir spielen das k\u00f6nigliche Spiel im Kanton Zug. Jung und Alt, jedermann ist bei und herzlich willkommen. Neu f\u00fchren wir eine Jugendgruppe mit Jugendlichen bis 16 Jahren. In Zukunft m\u00f6chten wir auch eine Juniorenabteilung einf\u00fchren.\" \/>\r\n<meta property=\"og:url\" content=\"https:\/\/www.schachclubbaar.ch\/?page_id=3775\" \/>\r\n<meta property=\"og:site_name\" content=\"Schachclub Baar\" \/>\r\n<meta property=\"article:publisher\" content=\"https:\/\/facebook.com\/Schachclub-Baar-1689832137913061\" \/>\r\n<meta property=\"article:modified_time\" content=\"2025-05-02T09:04:41+00:00\" \/>\r\n<meta name=\"twitter:card\" content=\"summary_large_image\" \/>\r\n<meta name=\"twitter:label1\" content=\"Gesch\u00e4tzte Lesezeit\" \/>\n\t<meta name=\"twitter:data1\" content=\"1\u00a0Minute\" \/>\r\n<script type=\"application\/ld+json\" class=\"yoast-schema-graph\">{\"@context\":\"https:\/\/schema.org\",\"@graph\":[{\"@type\":\"WebPage\",\"@id\":\"https:\/\/www.schachclubbaar.ch\/?page_id=3775\",\"url\":\"https:\/\/www.schachclubbaar.ch\/?page_id=3775\",\"name\":\"Jugendgruppe - Schachclub Baar\",\"isPartOf\":{\"@id\":\"https:\/\/www.schachclubbaar.ch\/#website\"},\"datePublished\":\"2025-05-02T08:57:37+00:00\",\"dateModified\":\"2025-05-02T09:04:41+00:00\",\"description\":\"Wir spielen das k\u00f6nigliche Spiel im Kanton Zug. Jung und Alt, jedermann ist bei und herzlich willkommen. Neu f\u00fchren wir eine Jugendgruppe mit Jugendlichen bis 16 Jahren. In Zukunft m\u00f6chten wir auch eine Juniorenabteilung einf\u00fchren.\",\"breadcrumb\":{\"@id\":\"https:\/\/www.schachclubbaar.ch\/?page_id=3775#breadcrumb\"},\"inLanguage\":\"de\",\"potentialAction\":[{\"@type\":\"ReadAction\",\"target\":[\"https:\/\/www.schachclubbaar.ch\/?page_id=3775\"]}]},{\"@type\":\"BreadcrumbList\",\"@id\":\"https:\/\/www.schachclubbaar.ch\/?page_id=3775#breadcrumb\",\"itemListElement\":[{\"@type\":\"ListItem\",\"position\":1,\"name\":\"Startseite\",\"item\":\"https:\/\/www.schachclubbaar.ch\/\"},{\"@type\":\"ListItem\",\"position\":2,\"name\":\"Jugendgruppe\"}]},{\"@type\":\"WebSite\",\"@id\":\"https:\/\/www.schachclubbaar.ch\/#website\",\"url\":\"https:\/\/www.schachclubbaar.ch\/\",\"name\":\"Schachclub Baar\",\"description\":\"Der Schachclub Baar spielt das k\u00f6gliche Spiel im Kanton Zug. Jung und Alt, jedermann ist herzlich willkommen. Neu f\u00fchren wir eine Jugendgruppe.\",\"publisher\":{\"@id\":\"https:\/\/www.schachclubbaar.ch\/#organization\"},\"potentialAction\":[{\"@type\":\"SearchAction\",\"target\":{\"@type\":\"EntryPoint\",\"urlTemplate\":\"https:\/\/www.schachclubbaar.ch\/?s={search_term_string}\"},\"query-input\":{\"@type\":\"PropertyValueSpecification\",\"valueRequired\":true,\"valueName\":\"search_term_string\"}}],\"inLanguage\":\"de\"},{\"@type\":\"Organization\",\"@id\":\"https:\/\/www.schachclubbaar.ch\/#organization\",\"name\":\"Schachclub Baar\",\"url\":\"https:\/\/www.schachclubbaar.ch\/\",\"logo\":{\"@type\":\"ImageObject\",\"inLanguage\":\"de\",\"@id\":\"https:\/\/www.schachclubbaar.ch\/#\/schema\/logo\/image\/\",\"url\":\"https:\/\/www.schachclubbaar.ch\/wp-content\/uploads\/2015\/08\/header-e1502261590644.jpg\",\"contentUrl\":\"https:\/\/www.schachclubbaar.ch\/wp-content\/uploads\/2015\/08\/header-e1502261590644.jpg\",\"width\":480,\"height\":125,\"caption\":\"Schachclub Baar\"},\"image\":{\"@id\":\"https:\/\/www.schachclubbaar.ch\/#\/schema\/logo\/image\/\"},\"sameAs\":[\"https:\/\/facebook.com\/Schachclub-Baar-1689832137913061\"]}]}<\/script>\r\n<!-- \/ Yoast SEO plugin. -->","yoast_head_json":{"title":"Jugendgruppe - Schachclub Baar","description":"Wir spielen das k\u00f6nigliche Spiel im Kanton Zug. Jung und Alt, jedermann ist bei und herzlich willkommen. Neu f\u00fchren wir eine Jugendgruppe mit Jugendlichen bis 16 Jahren. In Zukunft m\u00f6chten wir auch eine Juniorenabteilung einf\u00fchren.","robots":{"index":"index","follow":"follow","max-snippet":"max-snippet:-1","max-image-preview":"max-image-preview:large","max-video-preview":"max-video-preview:-1"},"canonical":"https:\/\/www.schachclubbaar.ch\/?page_id=3775","og_locale":"de_DE","og_type":"article","og_title":"Jugendgruppe - Schachclub Baar","og_description":"Wir spielen das k\u00f6nigliche Spiel im Kanton Zug. Jung und Alt, jedermann ist bei und herzlich willkommen. Neu f\u00fchren wir eine Jugendgruppe mit Jugendlichen bis 16 Jahren. In Zukunft m\u00f6chten wir auch eine Juniorenabteilung einf\u00fchren.","og_url":"https:\/\/www.schachclubbaar.ch\/?page_id=3775","og_site_name":"Schachclub Baar","article_publisher":"https:\/\/facebook.com\/Schachclub-Baar-1689832137913061","article_modified_time":"2025-05-02T09:04:41+00:00","twitter_card":"summary_large_image","twitter_misc":{"Gesch\u00e4tzte Lesezeit":"1\u00a0Minute"},"schema":{"@context":"https:\/\/schema.org","@graph":[{"@type":"WebPage","@id":"https:\/\/www.schachclubbaar.ch\/?page_id=3775","url":"https:\/\/www.schachclubbaar.ch\/?page_id=3775","name":"Jugendgruppe - Schachclub Baar","isPartOf":{"@id":"https:\/\/www.schachclubbaar.ch\/#website"},"datePublished":"2025-05-02T08:57:37+00:00","dateModified":"2025-05-02T09:04:41+00:00","description":"Wir spielen das k\u00f6nigliche Spiel im Kanton Zug. Jung und Alt, jedermann ist bei und herzlich willkommen. Neu f\u00fchren wir eine Jugendgruppe mit Jugendlichen bis 16 Jahren. In Zukunft m\u00f6chten wir auch eine Juniorenabteilung einf\u00fchren.","breadcrumb":{"@id":"https:\/\/www.schachclubbaar.ch\/?page_id=3775#breadcrumb"},"inLanguage":"de","potentialAction":[{"@type":"ReadAction","target":["https:\/\/www.schachclubbaar.ch\/?page_id=3775"]}]},{"@type":"BreadcrumbList","@id":"https:\/\/www.schachclubbaar.ch\/?page_id=3775#breadcrumb","itemListElement":[{"@type":"ListItem","position":1,"name":"Startseite","item":"https:\/\/www.schachclubbaar.ch\/"},{"@type":"ListItem","position":2,"name":"Jugendgruppe"}]},{"@type":"WebSite","@id":"https:\/\/www.schachclubbaar.ch\/#website","url":"https:\/\/www.schachclubbaar.ch\/","name":"Schachclub Baar","description":"Der Schachclub Baar spielt das k\u00f6gliche Spiel im Kanton Zug. Jung und Alt, jedermann ist herzlich willkommen. Neu f\u00fchren wir eine Jugendgruppe.","publisher":{"@id":"https:\/\/www.schachclubbaar.ch\/#organization"},"potentialAction":[{"@type":"SearchAction","target":{"@type":"EntryPoint","urlTemplate":"https:\/\/www.schachclubbaar.ch\/?s={search_term_string}"},"query-input":{"@type":"PropertyValueSpecification","valueRequired":true,"valueName":"search_term_string"}}],"inLanguage":"de"},{"@type":"Organization","@id":"https:\/\/www.schachclubbaar.ch\/#organization","name":"Schachclub Baar","url":"https:\/\/www.schachclubbaar.ch\/","logo":{"@type":"ImageObject","inLanguage":"de","@id":"https:\/\/www.schachclubbaar.ch\/#\/schema\/logo\/image\/","url":"https:\/\/www.schachclubbaar.ch\/wp-content\/uploads\/2015\/08\/header-e1502261590644.jpg","contentUrl":"https:\/\/www.schachclubbaar.ch\/wp-content\/uploads\/2015\/08\/header-e1502261590644.jpg","width":480,"height":125,"caption":"Schachclub Baar"},"image":{"@id":"https:\/\/www.schachclubbaar.ch\/#\/schema\/logo\/image\/"},"sameAs":["https:\/\/facebook.com\/Schachclub-Baar-1689832137913061"]}]}},"_links":{"self":[{"href":"https:\/\/www.schachclubbaar.ch\/index.php?rest_route=\/wp\/v2\/pages\/3775","targetHints":{"allow":["GET"]}}],"collection":[{"href":"https:\/\/www.schachclubbaar.ch\/index.php?rest_route=\/wp\/v2\/pages"}],"about":[{"href":"https:\/\/www.schachclubbaar.ch\/index.php?rest_route=\/wp\/v2\/types\/page"}],"author":[{"embeddable":true,"href":"https:\/\/www.schachclubbaar.ch\/index.php?rest_route=\/wp\/v2\/users\/1"}],"replies":[{"embeddable":true,"href":"https:\/\/www.schachclubbaar.ch\/index.php?rest_route=%2Fwp%2Fv2%2Fcomments&post=3775"}],"version-history":[{"count":3,"href":"https:\/\/www.schachclubbaar.ch\/index.php?rest_route=\/wp\/v2\/pages\/3775\/revisions"}],"predecessor-version":[{"id":3780,"href":"https:\/\/www.schachclubbaar.ch\/index.php?rest_route=\/wp\/v2\/pages\/3775\/revisions\/3780"}],"wp:attachment":[{"href":"https:\/\/www.schachclubbaar.ch\/index.php?rest_route=%2Fwp%2Fv2%2Fmedia&parent=3775"}],"curies":[{"name":"wp","href":"https:\/\/api.w.org\/{rel}","templated":true}]}}